hat is the units digit of m?
1
Let b(t) = 2*t + 2. Let l be b(0). What is the tens digit of l/(-4) - (-77)/2?
3
Suppose 3*o - 2*y - 3 = -0*y, 2*o + 2*y - 12 = 0. Let t = -11 + 24. Suppose 0 = -q + t - o. What is the units digit of q?
0
Let j = 54 - -92. What is the units digit of j?
6
Let z be (2 - 1)*0/4. Suppose z*r + 10 = r. What is the units digit of r?
0
Let z = 9 - 4. Suppose f = -4*j + 15, -z*j + 0*j - 10 = 0. What is the tens digit of f?
2
Suppose 6*j - j = 4*d + 31, -2*j + 2 = d. Let m(b) = 1. Let v(k) = k + 6. Let f(s) = d*m(s) + v(s). What is the units digit of f(0)?
2
Let z(u) = 2*u - 8 + 9 - 9. What is the units digit of z(6)?
4
Suppose -r - t + 36 = 0, 2*r + t + 3*t - 82 = 0. What is the units digit of r?
1
Suppose n + 13 = -3*p, 3*n - 4*p + 0 = 13. What is the units digit of (-2 - n) + -4 + 7?
2
What is the hundreds digit of (-20263)/(-69) - (-2)/6?
2
What is the tens digit of 194/6 - (-4)/6?
3
Let f = -31 + 86. What is the units digit of f?
5
Let v be (6/2)/((-3)/8). What is the tens digit of (30/(-1))/(v/4)?
1
Let y = -8 + 90. What is the tens digit of y?
8
Let u(a) = a**3 + 2*a**2 - 6*a - 5. Let r be u(-3). Suppose -4*h = r*n + n - 101, -4 = -h. What is the units digit of n?
7
Let l = 715 + -436. What is the tens digit of l?
7
Suppose 7*y = 1079 + 104. What is the units digit of y?
9
Suppose 0 = -f + 2*f. Suppose f = -z - 3 + 2. Let i = z + 14. What is the tens digit of i?
1
Suppose -4*w + 13 = -3*g - 9*w, 5*w = 2*g - 8. Let i be (2/(-4))/(g/(-12)). What is the units digit of ((-12)/8)/(1/i)?
9
Let d(z) = -2*z + 1. Let o be d(-1). Suppose o*t - 21 = 4*h, 3*t + h - 9 = -3. Suppose 0 = 5*r - 2*r - t*x - 27, -r = 2*x. What is the units digit of r?
6
Let q = 47 - 34. Let s = -10 + q. What is the units digit of s?
3
Suppose 5*q - 98 - 17 = 0. What is the units digit of q?
3
Let s = 3 + -5. Let f be 2/(-9) - s/9. Suppose f = 5*d + 4*b - 7, b - 7 = -4*d + d. What is the units digit of d?
3
Let r = 9 - 18. Let o = r + 19. What is the units digit of o?
0
What is the units digit of 105 - ((2 - 3) + -1)?
7
Suppose -f - 4 + 0 = 0. Let d(n) = n**3 + 5*n**2 + 4*n + 5. Let r be d(f). Let z(l) = -l**3 + 4*l**2 + 8*l - 6. What is the units digit of z(r)?
9
Let u be (-7)/((-70)/12)*-40. Let o = -67 - u. Let t = o + 32. What is the units digit of t?
3
Let j(h) be the first derivative of 10*h**3/3 + h**2 + h - 2. Suppose -3*o + 0 = 3. What is the units digit of j(o)?
9
Suppose -4*f + 16 = -4*h - 12, 5*f = -3*h + 11. What is the units digit of (6 - f)*3/2?
3
Let w = 4 + 1. Suppose -2*d - 21 = w*t, -d - t = d + 1. Suppose 0 = -2*y - 2*f - 2, -3*y + d*y = 2*f + 3. What is the units digit of y?
1
Suppose -19 = -2*q - 3*n, -28 = -2*q - q - 4*n. Let o = q + -9. What is the units digit of (-1 - o) + (9 - 5)?
4
What is the units digit of (-2)/4 + 6/(24/50)?
2
Suppose 39 = 20*y - 19*y. What is the tens digit of y?
3
Let z(x) = -2*x - 9. Suppose 5*c - 3*u - 25 = 0, -3*c - u + 15 = -2*u. Suppose c*i + 27 = -4*h, -30 = -h + 5*h + 2*i. What is the units digit of z(h)?
7
Let p(u) = 10*u**2 + 2*u - 7. What is the tens digit of p(2)?
3
Let r(o) = -2*o + 2*o**3 + o**3 - 4*o**2 - 3 + o. Let s(p) = 2*p**3 - 4*p**2 - p - 3. Let m(i) = -3*r(i) + 4*s(i). What is the units digit of m(-4)?
1
Let y be (-91)/(-21) - (-2)/(-6). What is the units digit of 3 - y/(-1) - 3?
4
Let d(u) = -u**3 + 3*u**2 + 6*u + 5. Let g be d(5). Let n = -94 - -69. Let b = g - n. What is the tens digit of b?
1
Let d be -1 - (-6)/2 - 5. Let w = 5 + d. Suppose 0*u - 38 = -3*u + w*m, u - 6 = 4*m. What is the units digit of u?
4
Suppose 2 = 4*i - 22. Let q = 9 - i. Suppose -2*w - 2*o + 10 = -8, -w - 11 = -q*o. What is the units digit of w?
4
Let j(a) be the third derivative of a**4/8 + a**3/6 + a**2. Let x be j(1). Let s = 8 - x. What is the units digit of s?
4
Let d(a) = -3*a + 26. What is the units digit of d(7)?
5
Let n = -352 - -513. What is the tens digit of n?
6
What is the tens digit of -1 + 5 + 28 - -4?
3
Let t = 10 + -8. What is the units digit of t?
2
What is the tens digit of (-2)/(-3)*(10 + 32)?
2
Suppose 4*s = 2*s + 3*p + 4, 0 = -4*s + 3*p + 8. Suppose 3*i - s*x = 33, 7 + 4 = 2*i - 5*x. What is the units digit of i?
3
Suppose 0 = -q + c + 18, -2*q - 2*c + 36 = -0*c. Suppose -d + q = d. What is the units digit of d?
9
What is the tens digit of 198/7 + (-12)/42?
2
Let l(d) = -56*d + 16. What is the units digit of l(-3)?
4
Let p be 3/(-6)*2 + 0. Let m = 13 + p. What is the units digit of m?
2
Let s(l) = -l**2 + 6*l - 6. Let c be s(3). Suppose -p = -6*p + 15. Suppose -5*r + p*r = 3*d - 56, 54 = 3*d + c*r. What is the tens digit of d?
2
Suppose 5*r - 23 - 17 = 0. Let j = -5 + r. Suppose -4*m = -1 - j. What is the units digit of m?
1
What is the tens digit of (-1)/(8/284)*-2?
7
Let y = -14 + 77. What is the units digit of y?
3
Suppose 9 - 27 = -3*b. Suppose 3*p = b + 3. Suppose 62 = 4*c + y - 3*y, -3*c - p*y + 51 = 0. What is the units digit of c?
6
Suppose -5*u = -16 + 1, 29 = 2*q - 3*u. What is the tens digit of q?
1
Suppose 0 = -2*r + 166 - 10. What is the tens digit of r?
7
Suppose -6*y + 8 = -2*y. Let g(b) = 6*b**2 - 2*b. What is the units digit of g(y)?
0
Suppose 3*c = 122 + 22. What is the tens digit of c?
4
Let v(b) = 7 - 1 + b + 2. Let u be v(-6). What is the tens digit of ((-11)/u)/(2/(-4))?
1
Suppose -3*d + 0*d - 3*t + 102 = 0, 3*d = 3*t + 78. What is the units digit of d?
0
Let p(j) = j**3 + 9*j**2 - 4*j. What is the tens digit of p(-8)?
9
Let r = 17 - 12. Suppose -r*v + v - 100 = 0. Let x = v + 39. What is the units digit of x?
4
Let f(x) be the first derivative of 4*x**3/3 + x**2 - 3*x + 2. Let b be f(2). Suppose -3*v + b = -g + 5*g, -4*g - 4 = -4*v. What is the units digit of v?
3
Suppose 0 = -46*h + 49*h - 183. What is the tens digit of h?
6
Suppose x - 4*u = 4*x - 35, 4*x - 3*u - 30 = 0. Suppose -4*a = m - x - 4, 4*a - 15 = -3*m. Suppose -20 = -2*c - a*c. What is the units digit of c?
4
What is the tens digit of (36/(-18))/((-2)/29)?
2
Let l(b) = -b**3 + 4*b**2 + 3. Suppose 2*z = -1 + 9. Let a be l(z). Suppose -9 = -2*s + a. What is the units digit of s?
6
Suppose -16 = -3*p - 3*m + m, 5*p = m + 18. Suppose -145 = -t - p*t. Suppose 0 = -4*v + 3*d + t, -4*v - 5*d + 10 = v. What is the units digit of v?
5
Let r be (66/4)/(2/12). Suppose -3*f + 5*s - 11 = -r, -2 = s. What is the tens digit of f?
2
Let g(c) = -10*c - c**2 + 0*c**2 + 4 - 14 + 2*c**2. What is the units digit of g(11)?
1
Let j = -3 + 7. Suppose -2*n + 27 = -c + 2*n, 5*c + 71 = j*n. What is the units digit of 2/c - (-101)/11?
9
Suppose 4*d + 16 + 0 = 2*b, 0 = -b + 5*d + 14. Suppose -b - 5 = -k. What is the units digit of k?
9
Let m(f) = f + 3. Suppose 2*d + 11 = 3*d. What is the units digit of m(d)?
4
Let s(f) = 376*f**3 - 3*f + 1. What is the hundreds digit of s(1)?
3
Let c(u) = -u**2 + 3*u + 3. Let i be c(4). Let r = 33 - 24. Let k = i + r. What is the units digit of k?
8
Let t(m) = -m**3 - 8*m**2 - m - 3. Let w be t(-8). Suppose 31 + 12 = 4*o + w*u, 0 = -4*o + 5*u + 53. What is the units digit of o?
2
Let h(p) = 3*p**2 - 1. What is the units digit of h(5)?
4
Let o = 16 + 8. Suppose 2*m = -5*v + 63, -3*m + o = 5*v - 43. What is the tens digit of v?
1
Suppose 56 = -3*f + 8. What is the units digit of f/6*(-18)/4?
2
Let v(g) = -8*g - 2. Let y be v(-7). Let d = -26 + y. What is the units digit of d?
8
Let x be (23/4)/(3/144). What is the tens digit of x/27 - 2/9?
1
Let k(s) be the third derivative of -s**5/60 - 3*s**4/8 - 3*s**3/2 + s**2. What is the units digit of k(-6)?
9
Let u(o) = 12*o**3 + 4*o**2 - 3*o + 1. What is the units digit of u(2)?
7
What is the tens digit of (-6)/9 + 70/6?
1
Let h be 2/((0 - 1) + 3). Suppose s + 3 + h = 0. Let z = 6 - s. What is the tens digit of z?
1
Let h be -2 + 6/3 - -2. Suppose -4 = h*d - 14. Let n = -2 + d. What is the units digit of n?
3
Suppose -5*p = -2 - 3. Let m be (1 - p) + 44 + 0. Suppose 0 = -5*c + m + 1. What is the units digit of c?
9
Suppose -3*c = c + 8. Let j be 0 + 2*24 + c. Suppose -4*n + j = 5*q, 37 = 3*n - q - 7. What is the units digit of n?
4
Let d(r) = -r**3 + 8*r**2 - r - 3. What is the tens digit of d(7)?
3
Let r(c) = 4*c + 8. What is the units digit of r(12)?
6
Suppose 0*k + 2*k - 510 = 0. What is the hundreds digit of k?
2
Let n(z) = z**3 + 6*z**2 - z -